 factors of 39485?
5, 53, 149
List the prime factors of 118.
2, 59
List the prime factors of 1607.
1607
List the prime factors of 2076.
2, 3, 173
List the prime factors of 2063.
2063
What are the prime factors of 3418?
2, 1709
What are the prime factors of 44996?
2, 7, 1607
List the prime factors of 1753.
1753
List the prime factors of 38989.
127, 307
List the prime factors of 6434.
2, 3217
List the prime factors of 933.
3, 311
List the prime factors of 73295.
5, 107, 137
What are the prime factors of 1619?
1619
List the prime factors of 11450.
2, 5, 229
List the prime factors of 6644.
2, 11, 151
List the prime factors of 787.
787
List the prime factors of 14476.
2, 7, 11, 47
List the prime factors of 499.
499
What are the prime factors of 5969?
47, 127
List the prime factors of 704.
2, 11
What are the prime factors of 4546?
2, 2273
List the prime factors of 21468.
2, 3, 1789
List the prime factors of 53187.
3, 17729
List the prime factors of 7831.
41, 191
What are the prime factors of 1826?
2, 11, 83
List the prime factors of 1497.
3, 499
What are the prime factors of 8353?
8353
What are the prime factors of 908?
2, 227
List the prime factors of 608.
2, 19
List the prime factors of 3881.
3881
What are the prime factors of 37790?
2, 5, 3779
What are the prime factors of 56577?
3, 18859
What are the prime factors of 3735?
3, 5, 83
What are the prime factors of 24909?
3, 19, 23
List the prime factors of 15158.
2, 11, 13, 53
List the prime factors of 56194.
2, 28097
What are the prime factors of 95111?
95111
List the prime factors of 78275.
5, 31, 101
List the prime factors of 730.
2, 5, 73
What are the prime factors of 908?
2, 227
List the prime factors of 7063.
7, 1009
List the prime factors of 1091.
1091
List the prime factors of 10777.
13, 829
What are the prime factors of 1033?
1033
List the prime factors of 249.
3, 83
List the prime factors of 4361.
7, 89
What are the prime factors of 2251?
2251
List the prime factors of 7445.
5, 1489
List the prime factors of 116248.
2, 11, 1321
List the prime factors of 46982.
2, 13, 139
What are the prime factors of 22569?
3, 7523
List the prime factors of 10283.
7, 13, 113
What are the prime factors of 1303?
1303
List the prime factors of 468.
2, 3, 13
What are the prime factors of 83836?
2, 20959
What are the prime factors of 5557?
5557
What are the prime factors of 757?
757
List the prime factors of 1377.
3, 17
List the prime factors of 17059.
7, 2437
What are the prime factors of 326?
2, 163
List the prime factors of 61436.
2, 15359
What are the prime factors of 2195?
5, 439
List the prime factors of 6868.
2, 17, 101
What are the prime factors of 153096?
2, 3, 6379
List the prime factors of 2116.
2, 23
List the prime factors of 3065.
5, 613
What are the prime factors of 15632?
2, 977
What are the prime factors of 4621?
4621
What are the prime factors of 50818?
2, 25409
List the prime factors of 1110.
2, 3, 5, 37
What are the prime factors of 16574?
2, 8287
List the prime factors of 3003.
3, 7, 11, 13
List the prime factors of 3333.
3, 11, 101
What are the prime factors of 3351?
3, 1117
What are the prime factors of 59247?
3, 29, 227
What are the prime factors of 890?
2, 5, 89
List the prime factors of 1409.
1409
What are the prime factors of 31134?
2, 3, 5189
List the prime factors of 2782.
2, 13, 107
What are the prime factors of 4311?
3, 479
What are the prime factors of 347?
347
What are the prime factors of 8917?
37, 241
List the prime factors of 2094.
2, 3, 349
What are the prime factors of 16124?
2, 29, 139
List the prime factors of 1517.
37, 41
What are the prime factors of 47629?
47629
What are the prime factors of 795?
3, 5, 53
What are the prime factors of 361?
19
List the prime factors of 18442.
2, 9221
List the prime factors of 8052.
2, 3, 11, 61
What are the prime factors of 2037?
3, 7, 97
List the prime factors of 70085.
5, 107, 131
List the prime factors of 34762.
2, 7, 13, 191
List the prime factors of 11939.
11939
List the prime factors of 697.
17, 41
What are the prime factors of 3092?
2, 773
What are the prime factors of 12512?
2, 17, 23
List the prime factors of 4056.
2, 3, 13
List the prime factors of 2279.
43, 53
What are the prime factors of 10302?
2, 3, 17, 101
List the prime factors of 56268.
2, 3, 521
List the prime factors of 726.
2, 3, 11
List the prime factors of 10917.
3, 1213
What are the prime factors of 244?
2, 61
What are the prime factors of 1035?
3, 5, 23
What are the prime factors of 2764?
2, 691
List the prime factors of 4406.
2, 2203
What are the prime factors of 2532?
2, 3, 211
List the prime factors of 20691.
3, 11, 19
List the prime factors of 9934.
2, 4967
What are the prime factors of 60081?
3, 7, 2861
List the prime factors of 47751.
3, 11, 1447
What are the prime factors of 5573?
5573
What are the prime factors of 3501?
3, 389
List the prime factors of 16454.
2, 19, 433
What are the prime factors of 7827?
3, 2609
What are the prime factors of 19899?
3, 11, 67
What are the prime factors of 8034?
2, 3, 13, 103
List the prime factors of 128.
2
List the prime factors of 3338.
2, 1669
What are the prime factors of 4634?
2, 7, 331
What are the prime factors of 703?
19, 37
What are the prime factors of 9827?
31, 317
What are the prime factors of 344?
2, 43
What are the prime factors of 64898?
2, 37, 877
What are the prime factors of 4936?
2, 617
List the prime factors of 4119.
3, 1373
What are the prime factors of 661?
661
What are the prime factors of 23?
23
What are the prime factors of 1852?
2, 463
List the prime factors of 5904.
2, 3, 41
What are the prime factors of 34281?
3, 13, 293
List the prime factors of 38647.
7, 5521
List the prime factors of 1838.
2, 919
List the prime factors of 1067.
11, 97
What are the prime factors of 100?
2, 5
What are the prime factors of 79231?
79231
List the prime factors of 20824.
2, 19, 137
List the prime factors of 91211.
197, 463
List the prime factors of 144.
2, 3
What are the prime factors of 27604?
2, 67, 103
What are the prime factors of 25085?
5, 29, 173
List the prime factors of 13672.
2, 1709
List the prime factors of 45.
3, 5
What are the prime factors of 2464?
2, 7, 11
List the prime factors of 41622.
2, 3, 7, 991
List the prime factors of 4646.
2, 23, 101
List the prime factors of 1314.
2, 3, 73
List the prime factors of 6025.
5, 241
What are the prime factors of 7430?
2, 5, 743
What are the prime factors of 2993?
41, 73
List the prime factors of 89436.
2, 3, 29, 257
What are the prime factors of 61822?
2, 30911
What are the prime factors of 183?
3, 61
List the prime factors of 493.
17, 29
List the prime factors of 3840.
2, 3, 5
List the prime factors of 56817.
3, 59, 107
List the prime factors of 49188.
2, 3, 4099
What are the prime factors of 401?
401
What are the prime factors of 4893?
3, 7, 233
What are the prime factors of 34210?
2, 5, 11, 311
List the prime factors of 26994.
2, 3, 11, 409
What are the prime factors of 6987?
3, 17, 137
What are the prime factors of 6180?
2, 3, 5, 103
What are the prime factors of 3109?
3109
List the prime factors of 27037.
19, 1423
What are the prime factors of 21282?
2, 3, 3547
List the prime factors of 157.
157
List the prime factors of 7682.
2, 23, 167
What are the prime factors of 131?
131
List the prime factors of 37602.
2, 3, 2089
List the prime factors of 624.
2, 3, 13
List the prime factors of 325.
5, 13
List the prime factors of 20722.
2, 13, 797
List the prime factors of 824.
2, 103
List the prime factors of 10363.
43, 241
What are the prime factors of 629?
17, 37
List the prime factors of 1185.
3, 5, 79
List the prime factors of 3138.
2, 3, 523
What are the prime factors of 9898?
2, 7, 101
List the prime factors of 39419.
39419
List the prime factors of 2824.
2, 353
List the prime factors of 86246.
2, 29, 1487
List the prime factors of 10278.
2, 3, 571
What are the prime factors of 14?
2, 7
List the prime factors of 653.
653
List the prime factors of 1843.
19, 97
What are the prime factors of 3385?
5, 677
List the prime factors of 1738.
2, 11, 79
List the prime factors of 2100.
2, 3, 5, 7
What are the prime factors of 703?
19, 37
List the prime factors of 388.
2, 97
What are the prime factors of 7418?
2, 3709
List the prime factors of 81316.
2, 29, 701
What